2 + 8. Let n be c(17). What is the highest common divisor of n and 2?
1
Let w = 10 + -15. Let f = 25 + w. Let z(j) = 586*j + 93790. Let v be z(-160). Calculate the highest common factor of v and f.
10
Suppose 81*w + 9212 = 85*w. What is the highest common divisor of 147 and w?
49
Let n be (1 - -2)*8/2. Suppose -5*p - 26 = -6. Let w(d) = -63*d - 48. Let a be w(p). What is the highest common factor of n and a?
12
Let t be 109 - ((-8)/10)/(54/135). Calculate the highest common divisor of 2 and t.
1
Suppose -4*s + 326 = 5*y - 204, 0 = -2*y - s + 215. Let d = -59 - -148. Let v = -45 + d. What is the greatest common factor of y and v?
22
Let b(y) = 2*y**3 - 13*y**2 + 20*y + 47. Let o be b(8). What is the greatest common divisor of o and 231?
21
Let k = -166 + 302. Let r = k + 20. Calculate the highest common factor of 12 and r.
12
Let w = 2775 - 2655. Suppose -5*y + 240 = -2*y. Calculate the highest common divisor of w and y.
40
Let h = 196 - 191. Suppose 3*p = o - 94, h*o - p - 208 = 234. Calculate the highest common factor of o and 22.
22
Suppose 50*a = 534 - 9 + 925. What is the highest common factor of a and 7163?
29
Let y be 1*-38*(0 - 5). Let l = y - 166. What is the highest common divisor of 3 and l?
3
Suppose 4*i = 5*r + 2*i - 2208, -2192 = -5*r - 2*i. Suppose 0 = -5*c + y + 278, c - 3*y = -0 + 64. Calculate the greatest common factor of c and r.
55
Let q be 4/2*11/44*(-18)/(-1). What is the highest common factor of q and 6?
3
Let a be ((-6)/(-18))/((-1)/(-27)). Suppose a*i - 10 = -i. Calculate the highest common divisor of i and 11.
1
Suppose 15 = -j + 17. Suppose -2*c - j = -3*c, -194 = -4*h + c. Calculate the highest common factor of 28 and h.
7
Let i = -44 - -46. Suppose 2*r = i, 33*l = 29*l + 5*r + 71. Calculate the greatest common factor of 1 and l.
1
Suppose -u = -3, -55 = -2*h + 4*u - 3*u. Let q = 6 + h. Calculate the greatest common divisor of q and 21.
7
Let s(f) = f**2 - 6*f - 7. Let y be s(7). Let p(w) = -4*w + 23. Let m be p(y). What is the greatest common factor of m and 23?
23
Let o(z) be the first derivative of -13*z**2 - 108*z - 54. Let n be o(-12). What is the greatest common divisor of 6 and n?
6
Let h be 1944/15 - 8 - (-6)/(-10). Let b = -101 + h. Let q(t) = t**2 - t + 3. Let z be q(2). Calculate the highest common divisor of z and b.
5
Suppose 0 = 3*p - 4*i - 237, 0 = -p - 2*p - i + 222. Let g = 120 - p. What is the greatest common divisor of 240 and g?
15
Suppose 22*m - 17*m = -2*r + 328, -3*r - 5*m = -487. What is the highest common factor of r and 21?
3
Let w be (1672/(-10))/((3 - 8)/75). Calculate the highest common divisor of w and 528.
132
Let k = -41 + 157. Suppose -4*a + k + 620 = 0. What is the highest common factor of a and 40?
8
Let q(c) = -3*c**2 - 31*c + 50. Let i be q(-11). Let t be (23/(-10))/(i/(-280)). What is the highest common divisor of 69 and t?
23
Suppose -s - 181 = -2*g, -s = -4*s - 9. Suppose -2*x + x = -g. Suppose 5*r = 4*y - 0*r - x, -y - 4*r + 17 = 0. Calculate the highest common factor of y and 168.
21
Let l(x) = 43*x + 1379. Let w be l(-25). What is the greatest common factor of w and 16?
16
Let g = -485 - -488. Suppose 2 = r + 4*o, o = -g*r + 4*r - 7. What is the greatest common divisor of r and 34?
2
Let c(k) = 115*k**2 - 3*k + 6. Let z be c(4). Suppose 1820 = -7*r + z. Suppose 4*f - 5*f = -1. Calculate the highest common factor of r and f.
1
Let n(h) = 3*h**2 - 14*h - 5. Let o be n(6). Let u(q) = -11*q - o + 21*q - 11*q. Let r be u(-20). What is the greatest common divisor of 9 and r?
1
Let j(w) = w**2 - 8*w. Let i be j(9). Suppose 0 = 75*y - 76*y + 4. Let u be 313/5 + y/10. Calculate the greatest common divisor of u and i.
9
Let q = -1500 + 20325. What is the highest common divisor of 225 and q?
75
Let g be (-4)/22 - 664/(-22). Let q(i) = -17*i**3 - 4*i**2 - 98*i - 196. Let x be q(-2). What is the greatest common factor of x and g?
30
Let h be -36 - (-6)/(-9)*-12. Let m = 329 - h. Calculate the greatest common divisor of m and 153.
51
Let q(k) = -138*k - 1965. Let p be q(-39). What is the greatest common factor of p and 102?
51
Let b = 23262 + -1374. What is the greatest common factor of 228 and b?
228
Suppose 2099 + 1709 = 17*p. Calculate the greatest common divisor of p and 28.
28
Let k be 9694/12 - (6 - (-444)/(-72)). What is the highest common factor of 1010 and k?
202
Let j = 75 - 71. Let a be (-2 + -28)/((-6)/j)*-2. Let c = -14 - a. What is the greatest common factor of 65 and c?
13
Suppose 0 = -3*s - 3*s - 582. Let h = s - -168. Suppose 121 = 5*y + h. What is the highest common factor of y and 30?
10
Let j be 417 - (-9)/((-72)/136). Calculate the greatest common factor of 950 and j.
50
Let i = 5274 - 5239. Let r(w) = -w**3 + 8*w**2 - 6*w + 2. Let h be r(4). Let d be (h/4)/(3/40). What is the greatest common divisor of i and d?
35
Let i be 11795/(-28)*(-30)/25*6. What is the greatest common factor of i and 9?
9
Let t = 75 + -75. Suppose t = -r + 44 - 13. What is the greatest common factor of r and 341?
31
Let t be ((-24)/(-10))/(6/45). Suppose 0 = 2*f + 6 - 34. Let j be (-4 + -4 + 15)*144/f. Calculate the greatest common divisor of j and t.
18
Let a(p) = 21*p**2 + p - 1. Let h be a(-1). Calculate the greatest common divisor of h and 4864.
19
Let z = -6044 - -12932. What is the highest common divisor of z and 504?
168
Let x = -1081 + 5959. What is the greatest common divisor of x and 18?
18
Suppose 24*j + g = 27*j - 204, -g - 136 = -2*j. Calculate the highest common divisor of j and 459.
17
Suppose -8612*p + 8619*p - 294 = 0. Let k(h) = -4*h**3 + 4*h**2 - 3*h + 4. Let i be k(-4). What is the highest common factor of i and p?
42
Let p = -102 + 118. Let u = p + -2. Suppose 8*f - 3*f = -2*t + 21, -2*t + 2*f + u = 0. What is the greatest common factor of 20 and t?
4
Let y = 3490 - 3477. Calculate the highest common factor of y and 16003.
13
Let t be (-6)/(-4)*(-2750)/75. Let o = 121 + t. Let a(f) = f**3 - 8*f**2 + 9*f - 8. Let q be a(7). What is the highest common divisor of o and q?
6
Let w(r) = r**3 + 9*r**2 + 5*r + 8. Let o be w(-3). Suppose -o + 173 = 6*a. Calculate the greatest common factor of 28 and a.
7
Let i(t) = t**2 - 11*t + 13. Let k be i(11). Suppose 4*b + 36 - 140 = 0. Let d be (12 - 1)/(2/b). What is the greatest common factor of d and k?
13
Suppose -8909*x + 8908*x = z - 1585, -4*z + 6388 = -2*x. Calculate the highest common factor of z and 1239.
177
Suppose -8284 = -2*l + 4*o + 2008, -2*l = 2*o - 10292. Calculate the highest common divisor of l and 62.
62
Suppose 10*d - 6 = 2064. Let h be 510/46 + (-1467)/d + 7. Calculate the greatest common factor of h and 792.
11
Let r be (1 + 0)*24/20*5. Let q(y) = -y**3 + 7*y**2 - y - 11. Let c be q(r). Calculate the greatest common divisor of 1102 and c.
19
Let m = -16 + 19. Suppose 3*a - m = 5*g, 5*g = 6*g + 2*a - 2. Let u(d) = -3*d + 20. Let x be u(g). Calculate the greatest common factor of 5 and x.
5
Suppose -c + 28*f + 1635 = 27*f, -4*c + 6526 = 3*f. Let i = -925 + c. Calculate the highest common divisor of i and 24.
12
Let j(m) = 10*m**2 + 2. Let w be j(2). Suppose 7*z - 5*z = 1456. Suppose -17*g = 9*g - z. What is the highest common factor of w and g?
14
Let l = -249 + 243. Let f(u) = u**3 + 4*u**2 - 20*u - 13. Let q be f(l). Calculate the highest common divisor of 77 and q.
7
Let a be 6/(15/3 - 2263/453). Suppose 189 = 43*o - a. What is the greatest common divisor of o and 18?
18
Suppose -39*j - 7508 = -36992. What is the greatest common factor of j and 1701?
189
Let h be 13077/(-18) + (-2)/(-4). Let x = h - -789. Calculate the highest common factor of x and 882.
63
Let x be 26/(1*-3 + 10 + -5). Let i(v) = 42*v + 126. Let u be i(x). What is the greatest common factor of 28 and u?
28
Let n = -2839 - -2867. Calculate the highest common factor of 966 and n.
14
Suppose 57 - 471 = -23*v. Suppose -8*p = -11*p + v. Calculate the highest common factor of 6 and p.
6
Let k = -3 + 5. Let f(i) = 12*i**3 - 6*i**2 + 5*i - 5. Let c be f(k). Let a = -74 + c. Calculate the greatest common factor of a and 1.
1
Let q(m) = -5*m. Let b be q(0). Suppose 4*f - 3*l - 375 = b, -154 = 3*f - l - 429. What is the greatest common factor of 54 and f?
18
Suppose 5*u - 124 = -3*x + u, 2*x - 80 = -2*u. What is the greatest common factor of 450 and x?
1